ulate the highest common factor of 32 and w.
32
Let j = 20165 + -12260. Calculate the highest common factor of j and 60.
15
Let z be (-1824)/11 + (-6)/33. Let u = -134 - z. Suppose -39*x + 4 = -38*x. What is the highest common divisor of x and u?
4
Suppose x - 718*l - 23 = -717*l, -74 = -4*x - 2*l. What is the greatest common factor of x and 320?
20
Suppose 15*w - 6 = 18*w, 0 = -5*m - w + 1243. Suppose 0 = -4*y + 4*f + 500, 5*y - m = -f + 382. Calculate the greatest common factor of y and 36.
18
Suppose -4*c + 2*c = -6. Suppose 0 = c*q - 2*q - 14. Let t = 275 - 163. Calculate the greatest common divisor of q and t.
14
Let x be (-387)/3*(-4)/12. Let r = 52 - x. Calculate the highest common factor of 432 and r.
9
Let i(u) = u + 48. Let n = -512 - -472. Let f be i(n). Calculate the greatest common divisor of 488 and f.
8
Let r = -1149 + 2244. Calculate the highest common divisor of 105 and r.
15
Let t = -6132 + 6135. Calculate the greatest common divisor of 1083 and t.
3
Let b(g) be the third derivative of 0 + 1/4*g**4 + 0*g - 8/3*g**3 + 1/20*g**5 + 37*g**2. Let z be b(4). What is the highest common factor of 8 and z?
8
Let r be ((-52)/(-8) + -8)/(1/(-10)). Let v be 516/(-40)*-82 + 3/r. Calculate the highest common divisor of v and 46.
46
Let q(t) = -6*t**3 - 15*t**2 - 22*t - 82. Let a be q(-6). Calculate the greatest common factor of 26 and a.
26
Let j be (-1 + -50)/(3/(-2)). Let y(q) = 161*q**2 + 785*q - 15. Let z be y(-5). What is the highest common factor of j and z?
17
Let u be (11/(-2))/((-3)/96). Suppose 4*k + 26 = 6*k. Suppose 5*f + 10*t = k*t + 116, -92 = -4*f + 2*t. Calculate the greatest common divisor of u and f.
22
Suppose -50*o - 2032 = -58*o. Suppose 4*y + w - o = 0, 5*y + 2*w - 181 = 138. Calculate the highest common factor of y and 9.
9
Let a = 45 + -67. Let j(d) = -3*d - 46. Let q be j(a). Let o be 5/(q/4)*5. Calculate the highest common divisor of 5 and o.
5
Suppose 4*y - 220 - 221 = -5*c, -5*y = c - 525. Suppose 472*w = 463*w + 1170. Calculate the greatest common divisor of w and y.
26
Suppose -72*s - 20 = -74*s. Let l be ((-8)/10 - (-11 + 7))*s. Calculate the greatest common divisor of l and 24.
8
Let n = 214 - 78. Suppose 6342*f = 6429*f + 690 - 2778. Calculate the highest common divisor of n and f.
8
Let v(a) = -157*a**3 + a. Let g be v(-1). Suppose r + 111 = 3*j + 11, -5*j = 3*r - 204. What is the greatest common factor of j and g?
12
Suppose 67*m + 118825 = -74*m + 176*m. Calculate the greatest common divisor of 5 and m.
5
Let n(o) = -24*o + 800. Let k be n(30). Calculate the highest common divisor of 360 and k.
40
Suppose 7*d + 36 = -2*d. Let c be ((-2)/d)/(1/4). Let l be 1/((-1 + 2)/14). Calculate the highest common factor of l and c.
2
Let w = -35 - -30. Let u be 1 + 4/(-10) + (-32)/w. Suppose -3*h + u*h = 528. What is the greatest common factor of h and 12?
12
Suppose -19448 = -4*q - 21*i + 19*i, 0 = q + 5*i - 4889. What is the highest common divisor of q and 226?
113
Suppose -t = 4*f - 43, -2*t + 6 = -2*f - 70. What is the greatest common factor of 2301 and t?
39
Let p be (-206)/(-4) - (-1)/2. Suppose -3*d + 356 = b + 81, -5*d + b + 453 = 0. Calculate the highest common divisor of d and p.
13
Suppose 5*q + 1 = 2*m - 3, 4*m - 8 = q. Suppose -360 = -5*r - 0*l + 5*l, -3*l + 144 = m*r. Calculate the greatest common factor of 120 and r.
24
Suppose -1 + 61 = b - 4*r, 0 = b + r - 85. Suppose 1441 = 4*d - k, 2*d - 188*k + 186*k - 722 = 0. What is the highest common divisor of b and d?
40
Let f be 2/((-10)/(1574 + 6)). Let w be 2*256 + (0 - 0). Let g = w + f. What is the highest common divisor of g and 28?
28
Let a(p) be the second derivative of p**5/20 + p**4/12 + p**3 - 19*p**2/2 + 2*p - 1. Let g be a(3). Calculate the highest common factor of 28 and g.
7
Let z be (-2 + 7/2)/((-192)/(-37248)). Calculate the highest common factor of z and 3977.
97
Let b(x) = -x**2 + 18*x + 106. Let p be b(19). Suppose 104 = 4*a + 3*k - 3, -k - p = -4*a. Calculate the greatest common divisor of a and 1357.
23
Let c = 94 + -86. Let x(w) = -w**3 - 19*w**2 + 37*w + 31. Let j be x(-21). Calculate the highest common factor of j and c.
8
Suppose 50*f - 10 = 100*f - 52*f. Let b(h) = 20*h**2 + 3*h - 1. Let t be b(2). What is the highest common divisor of f and t?
5
Suppose -4*o = -3*o - 1. Let w(z) = 143*z + 10. Let x be w(o). What is the greatest common divisor of x and 9?
9
Suppose -w = -19 - 10. Suppose -4*r + 358 = -5*y, 20 - 366 = -4*r - y. What is the highest common divisor of w and r?
29
Suppose 28*k - 302 = 930. Calculate the highest common factor of k and 2585.
11
Let u be 7 + 23 - (-14)/(-35)*-5. What is the greatest common divisor of 3872 and u?
32
Suppose 5*z - 5*f - 15 = 0, -8*z - 3*f + 19 = -4*z. What is the greatest common factor of 214 and z?
2
Let i = 3262 + -2718. Calculate the greatest common divisor of 17 and i.
17
Suppose 0 = -114773*d + 114831*d - 928. Let g(i) = i + 272. Let j be g(0). Calculate the highest common divisor of j and d.
16
Let f = -3505 - -3846. Calculate the greatest common factor of 352 and f.
11
Let j be (11/3)/(1/48). Let l be (-2)/8 - (-279)/124. Suppose 5*o - 5*k = 85, -l*k - 19 = -o - 1. Calculate the highest common divisor of o and j.
16
Let h be 1/(-12)*-1558 - 12/(-72). Suppose 0 = -2*z - 3*z + h. Calculate the highest common divisor of z and 221.
13
Let d = -1372 + 1960. Calculate the greatest common divisor of 49 and d.
49
Let n be (-8)/(-2) - (-16 + -35). Let m be 1/5 + 1694/n. What is the highest common divisor of 341 and m?
31
Let z(h) = -h**2 + 29*h + 62. Let j be z(23). Let b be ((-72)/(-30))/(6/j). Calculate the greatest common factor of b and 200.
40
Suppose 0 = a - 2*a + 153. Let m = -55 - -57. Suppose -m*t = 5*t - 119. What is the highest common factor of t and a?
17
Let p = -4 - -13. Let t be (-4)/10*15*(-5 + 6). Let b be ((21/14)/1)/((-1)/t). What is the greatest common factor of b and p?
9
Let p be -7 + (-322)/(-56) + 741/4. Calculate the greatest common factor of 408 and p.
8
Let p(k) = 2*k**2 + 166*k + 1844. Let r be p(-13). Let i be (-1 + -11)/((-1)/18). What is the highest common divisor of i and r?
24
Suppose -260 = 65*u - 67*u. Let i be (577 + 5)/3 + 1. Calculate the highest common factor of u and i.
65
Let z be (-26)/(-14) + 4/28 - (-946)/43. Calculate the highest common divisor of 10572 and z.
12
Let v = 10 - 3. Let n(a) = -2*a**2 - 8*a**2 + 9 - a**2 + 6*a**2 - 39*a - 35. Let o be n(-6). Calculate the greatest common factor of v and o.
7
Let n = 23 - 14. Suppose 0 = 8*z - 184 + 56. Let b(d) = d**3 - 16*d**2 + 1. Let f be b(z). Calculate the highest common factor of n and f.
1
Let r = -95 + 65. Let h = -27 - r. Suppose h*k + 0*k - 87 = 0. What is the greatest common divisor of 58 and k?
29
Suppose 2*r + 5*y - 976 = 0, 0 = 5*r + 3*y - 1387 - 1072. Let o = 40 + -11. Calculate the highest common divisor of o and r.
29
Suppose -2*m - 9*y = -7*y - 90, -m + 65 = -4*y. What is the greatest common factor of 8771 and m?
49
Let z(h) = -36*h + 239. Let y be z(-13). Let o = y - 547. What is the greatest common divisor of o and 50?
10
Let f be (-8)/14 + (33/21 - -5). Suppose -3*o - f = -4*o. Let v(a) = -a**2 + 4*a + 20. Let g be v(6). Calculate the highest common factor of o and g.
2
Let o(k) = 18*k - 118. Let c(s) = 17*s - 121. Let d(y) = 2*c(y) - 3*o(y). Let h be d(3). Calculate the highest common divisor of 4 and h.
4
Let b(k) = k**2 + 12*k + 13. Let p = 45 - 61. Let g be 12/16*p/(-12)*-12. Let s be b(g). Calculate the greatest common factor of s and 39.
13
Let y = 5 - -7. Let k be (-65)/13 - -1 - -2*14. What is the highest common divisor of y and k?
12
Suppose -u = -2*m - 158 + 481, 0 = -3*m - 3*u + 471. Calculate the highest common divisor of 384 and m.
32
Let z = 3035 - 2087. What is the highest common factor of 395 and z?
79
Suppose -2*m + 5*m + 4*h + 198 = 0, -3*m - 5*h - 195 = 0. Let t = -63 + m. Let c be 82/4 - (t/(-14))/(-19). Calculate the highest common factor of c and 21.
21
Let f be (-1836)/(-9)*(95/10 - 5). Calculate the greatest common divisor of f and 17.
17
Suppose 1092 = -181*q + 220*q. Calculate the highest common divisor of q and 581.
7
Let a(h) = h**2 + 5*h - 31. Let u be a(-9). Suppose -6*p + 78 = 5*b - 2*p, -33 = -b + u*p. Calculate the greatest common divisor of b a